 420552 is divided by 425?
227
Calculate the remainder when 25598 is divided by 11542.
2514
Calculate the remainder when 9897217 is divided by 2991.
2989
Calculate the remainder when 74261731 is divided by 37.
30
Calculate the remainder when 1356541 is divided by 29490.
1
Calculate the remainder when 43353592 is divided by 80.
72
What is the remainder when 83508 is divided by 1744?
1540
Calculate the remainder when 1255556 is divided by 116.
88
Calculate the remainder when 15461 is divided by 346.
237
What is the remainder when 28614590 is divided by 267426?
8
Calculate the remainder when 72628 is divided by 24201.
25
What is the remainder when 1875139 is divided by 4574?
4373
What is the remainder when 9927 is divided by 4864?
199
What is the remainder when 187443563 is divided by 308?
307
What is the remainder when 3769404 is divided by 64?
60
What is the remainder when 45858 is divided by 604?
558
Calculate the remainder when 986742 is divided by 293.
211
What is the remainder when 1863068 is divided by 7?
4
Calculate the remainder when 82926 is divided by 1883.
74
Calculate the remainder when 166288 is divided by 341.
221
Calculate the remainder when 1866307347 is divided by 3337.
3335
What is the remainder when 28425917 is divided by 32?
29
What is the remainder when 152389436 is divided by 1465283?
4
What is the remainder when 60519488 is divided by 12103894?
18
What is the remainder when 20941 is divided by 5208?
109
What is the remainder when 202220 is divided by 13356?
1880
Calculate the remainder when 156731931 is divided by 47.
44
What is the remainder when 239770 is divided by 119668?
434
Calculate the remainder when 2589528 is divided by 543.
504
What is the remainder when 907223 is divided by 42?
23
Calculate the remainder when 3596007 is divided by 715.
272
Calculate the remainder when 230818 is divided by 227.
186
Calculate the remainder when 12406388 is divided by 184.
4
Calculate the remainder when 4176993 is divided by 1619.
1592
What is the remainder when 2987763 is divided by 3145?
13
What is the remainder when 103338981 is divided by 12102?
3
Calculate the remainder when 480483 is divided by 20850.
933
Calculate the remainder when 358435 is divided by 358400.
35
What is the remainder when 4667146 is divided by 106?
72
What is the remainder when 282273 is divided by 4213?
2
Calculate the remainder when 32982 is divided by 32810.
172
Calculate the remainder when 108940 is divided by 312.
52
What is the remainder when 43992 is divided by 103?
11
What is the remainder when 37393266 is divided by 328011?
12
What is the remainder when 323338 is divided by 117?
67
Calculate the remainder when 1442529 is divided by 18.
9
What is the remainder when 57780737 is divided by 138?
137
Calculate the remainder when 444207793 is divided by 5357.
5353
Calculate the remainder when 92265132 is divided by 31.
18
Calculate the remainder when 2166595 is divided by 474.
415
What is the remainder when 30087827 is divided by 10?
7
What is the remainder when 1638361 is divided by 327670?
11
What is the remainder when 19749506 is divided by 903?
896
Calculate the remainder when 68172 is divided by 552.
276
What is the remainder when 23761 is divided by 131?
50
Calculate the remainder when 40569 is divided by 978.
471
Calculate the remainder when 326103 is divided by 13.
11
What is the remainder when 46872258 is divided by 61674?
18
What is the remainder when 1592554 is divided by 2544?
10
Calculate the remainder when 85643653 is divided by 28.
25
Calculate the remainder when 365831 is divided by 2360.
31
What is the remainder when 1268120 is divided by 9256?
48
Calculate the remainder when 4850277 is divided by 20465.
72
What is the remainder when 1288114682 is divided by 565?
562
Calculate the remainder when 40252 is divided by 733.
670
Calculate the remainder when 36942043 is divided by 1012.
1007
Calculate the remainder when 22196828 is divided by 56.
52
Calculate the remainder when 8846935 is divided by 219.
211
Calculate the remainder when 1686860 is divided by 843316.
228
What is the remainder when 7069459 is divided by 4982?
1
What is the remainder when 9053548 is divided by 172?
156
What is the remainder when 310681 is divided by 2424?
409
Calculate the remainder when 3569116 is divided by 469.
26
What is the remainder when 12112 is divided by 145?
77
Calculate the remainder when 15570769 is divided by 317770.
39
Calculate the remainder when 3258679 is divided by 4857.
4489
Calculate the remainder when 2791818 is divided by 36.
18
What is the remainder when 1121090 is divided by 366?
32
What is the remainder when 193806 is divided by 6682?
28
Calculate the remainder when 2062693 is divided by 687554.
31
What is the remainder when 565927 is divided by 1631?
1601
Calculate the remainder when 235616 is divided by 77637.
2705
Calculate the remainder when 895534 is divided by 19.
7
Calculate the remainder when 797460 is divided by 158.
34
Calculate the remainder when 294229 is divided by 17244.
1081
What is the remainder when 51268266 is divided by 32?
10
What is the remainder when 24453502 is divided by 499?
7
Calculate the remainder when 1100958 is divided by 13262.
212
Calculate the remainder when 3869279 is divided by 1289737.
68
What is the remainder when 26869143 is divided by 205?
203
What is the remainder when 19831 is divided by 1275?
706
What is the remainder when 1863050 is divided by 208?
202
Calculate the remainder when 76219154 is divided by 29.
20
Calculate the remainder when 165801 is divided by 82650.
501
What is the remainder when 857136 is divided by 14?
0
What is the remainder when 2463876 is divided by 78?
12
What is the remainder when 7133087 is divided by 234?
65
Calculate the remainder when 12635791 is divided by 573.
568
Calculate the remainder when 500522 is divided by 247729.
5064
Calculate the remainder when 7546978 is divided by 42.
40
Calculate the remainder when 11986940 is divided by 11604.
8
What is the remainder when 43815968 is divided by 32?
0
Calculate the remainder when 1276739 is divided by 5994.
17
What is the remainder when 52433378 is divided by 20051?
13
What is the remainder when 26486804 is divided by 219?
68
What is the remainder when 86353 is divided by 1694?
1653
What is the remainder when 4574959 is divided by 240781?
120
What is the remainder when 142470 is divided by 6735?
1035
What is the remainder when 1053482 is divided by 100?
82
What is the remainder when 356308 is divided by 178106?
96
What is the remainder when 208315 is divided by 17351?
103
What is the remainder when 275292 is divided by 100?
92
Calculate the remainder when 176143 is divided by 399.
184
Calculate the remainder when 32877795 is divided by 956.
955
Calculate the remainder when 61056682 is divided by 117.
115
What is the remainder when 549267 is divided by 182999?
270
Calculate the remainder when 73489958 is divided by 43692.
14
Calculate the remainder when 10247959 is divided by 155.
134
What is the remainder when 3155431 is divided by 59?
52
Calculate the remainder when 452761 is divided by 2275.
36
Calculate the remainder when 1446652 is divided by 8268.
8020
What is the remainder when 2765076 is divided by 1381703?
1670
What is the remainder when 1953146 is divided by 9?
2
Calculate the remainder when 17078926 is divided by 8539446.
34
What is the remainder when 558724 is divided by 30?
4
What is the remainder when 70271 is divided by 1805?
1681
What is the remainder when 46083 is divided by 14763?
1794
What is the remainder when 7683929 is divided by 4192?
4185
What is the remainder when 99039 is divided by 1308?
939
What is the remainder when 185860 is divided by 479?
8
What is the remainder when 566260 is divided by 18874?
40
What is the remainder when 17112786 is divided by 18764?
18
What is the remainder when 1219076 is divided by 67726?
8
What is the remainder when 31430464 is divided by 237?
235
Calculate the remainder when 213294 is divided by 213292.
2
What is the remainder when 24497736 is divided by 49?
39
Calculate the remainder when 248770 is divided by 478.
210
What is the remainder when 234375 is divided by 3780?
15
Calculate the remainder when 105282012 is divided by 11698000.
12
What is the remaind